{"id":28828,"date":"2024-11-15T14:12:47","date_gmt":"2024-11-15T17:12:47","guid":{"rendered":"https:\/\/egbe.wnpower.host\/santeria\/?post_type=product&#038;p=28828"},"modified":"2026-02-12T12:37:28","modified_gmt":"2026-02-12T15:37:28","slug":"polvo-de-trabajo","status":"publish","type":"product","link":"https:\/\/egbe.wnpower.host\/santeria\/producto\/polvo-de-trabajo\/","title":{"rendered":"Polvo de Trabajo"},"content":{"rendered":"<p>Polvos de trabajo para distintas finalidades.<\/p>\n<p>MODO DE USAR:<br \/>\nDivida el polvo de la caja en tres partes, espolvoree una parte en el lugar que usted desee que act\u00fae. A los tres d\u00edas vuelva a aplicar el polvo y finalice poniendo la \u00faltima parte al s\u00e9ptimo d\u00eda. Para fines ben\u00e9ficos es aconsejable usar el polvo cuando la luna empieza su cuarto creciente. Para fines negativos se usa en el cuarto menguante.<\/p>\n<p>De acuerdo con el fin que desea obtenerse, conviene usar tres polvos diferentes para potenciar lo que se desea, por ejemplo, para encontrar trabajo: Polvo de Trabajo; polvo Abre Caminos y Polvo de Fortuna.<\/p>\n","protected":false},"excerpt":{"rendered":"<p>Polvos de trabajo para distintas finalidades.<br \/>\nVea en la descripci\u00f3n de abajo como usarlo.<\/p>\n","protected":false},"featured_media":28829,"comment_status":"open","ping_status":"closed","template":"","meta":{"_eb_attr":"","_uag_custom_page_level_css":""},"product_brand":[],"product_cat":[35],"product_tag":[],"class_list":{"0":"post-28828","1":"product","2":"type-product","3":"status-publish","4":"has-post-thumbnail","6":"product_cat-sin-categoria","8":"first","9":"instock","10":"shipping-taxable","11":"purchasable","12":"product-type-variable"},"yoast_head":"<!-- This site is optimized with the Yoast SEO plugin v27.3 - https:\/\/yoast.com\/product\/yoast-seo-wordpress\/ -->\n<title>Polvo de Trabajo - Santer\u00eda Egb\u00e9<\/title>\n<meta name=\"robots\" content=\"index, follow, max-snippet:-1, max-image-preview:large, max-video-preview:-1\" \/>\n<link rel=\"canonical\" href=\"https:\/\/egbe.wnpower.host\/santeria\/producto\/polvo-de-trabajo\/\" \/>\n<meta property=\"og:locale\" content=\"es_ES\" \/>\n<meta property=\"og:type\" content=\"article\" \/>\n<meta property=\"og:title\" content=\"Polvo de Trabajo - Santer\u00eda Egb\u00e9\" \/>\n<meta property=\"og:description\" content=\"Polvos de trabajo para distintas finalidades. Vea en la descripci\u00f3n de abajo como usarlo.\" \/>\n<meta property=\"og:url\" content=\"https:\/\/egbe.wnpower.host\/santeria\/producto\/polvo-de-trabajo\/\" \/>\n<meta property=\"og:site_name\" content=\"Santer\u00eda Egb\u00e9\" \/>\n<meta property=\"article:publisher\" content=\"https:\/\/www.facebook.com\/profile.php?id=61567814461428\" \/>\n<meta property=\"article:modified_time\" content=\"2026-02-12T15:37:28+00:00\" \/>\n<meta property=\"og:image\" content=\"https:\/\/egbe.wnpower.host\/santeria\/wp-content\/uploads\/2024\/11\/Polvo-de-trabajo.webp\" \/>\n\t<meta property=\"og:image:width\" content=\"247\" \/>\n\t<meta property=\"og:image:height\" content=\"296\" \/>\n\t<meta property=\"og:image:type\" content=\"image\/webp\" \/>\n<meta name=\"twitter:card\" content=\"summary_large_image\" \/>\n<meta name=\"twitter:label1\" content=\"Tiempo de lectura\" \/>\n\t<meta name=\"twitter:data1\" content=\"1 minuto\" \/>\n<script type=\"application\/ld+json\" class=\"yoast-schema-graph\">{\"@context\":\"https:\\\/\\\/schema.org\",\"@graph\":[{\"@type\":\"WebPage\",\"@id\":\"https:\\\/\\\/egbe.wnpower.host\\\/santeria\\\/producto\\\/polvo-de-trabajo\\\/\",\"url\":\"https:\\\/\\\/egbe.wnpower.host\\\/santeria\\\/producto\\\/polvo-de-trabajo\\\/\",\"name\":\"Polvo de Trabajo - Santer\u00eda Egb\u00e9\",\"isPartOf\":{\"@id\":\"https:\\\/\\\/egbe.wnpower.host\\\/santeria\\\/#website\"},\"primaryImageOfPage\":{\"@id\":\"https:\\\/\\\/egbe.wnpower.host\\\/santeria\\\/producto\\\/polvo-de-trabajo\\\/#primaryimage\"},\"image\":{\"@id\":\"https:\\\/\\\/egbe.wnpower.host\\\/santeria\\\/producto\\\/polvo-de-trabajo\\\/#primaryimage\"},\"thumbnailUrl\":\"https:\\\/\\\/egbe.wnpower.host\\\/santeria\\\/wp-content\\\/uploads\\\/2024\\\/11\\\/Polvo-de-trabajo.webp\",\"datePublished\":\"2024-11-15T17:12:47+00:00\",\"dateModified\":\"2026-02-12T15:37:28+00:00\",\"breadcrumb\":{\"@id\":\"https:\\\/\\\/egbe.wnpower.host\\\/santeria\\\/producto\\\/polvo-de-trabajo\\\/#breadcrumb\"},\"inLanguage\":\"es\",\"potentialAction\":[{\"@type\":\"ReadAction\",\"target\":[\"https:\\\/\\\/egbe.wnpower.host\\\/santeria\\\/producto\\\/polvo-de-trabajo\\\/\"]}]},{\"@type\":\"ImageObject\",\"inLanguage\":\"es\",\"@id\":\"https:\\\/\\\/egbe.wnpower.host\\\/santeria\\\/producto\\\/polvo-de-trabajo\\\/#primaryimage\",\"url\":\"https:\\\/\\\/egbe.wnpower.host\\\/santeria\\\/wp-content\\\/uploads\\\/2024\\\/11\\\/Polvo-de-trabajo.webp\",\"contentUrl\":\"https:\\\/\\\/egbe.wnpower.host\\\/santeria\\\/wp-content\\\/uploads\\\/2024\\\/11\\\/Polvo-de-trabajo.webp\",\"width\":247,\"height\":296},{\"@type\":\"BreadcrumbList\",\"@id\":\"https:\\\/\\\/egbe.wnpower.host\\\/santeria\\\/producto\\\/polvo-de-trabajo\\\/#breadcrumb\",\"itemListElement\":[{\"@type\":\"ListItem\",\"position\":1,\"name\":\"Portada\",\"item\":\"https:\\\/\\\/egbe.wnpower.host\\\/santeria\\\/\"},{\"@type\":\"ListItem\",\"position\":2,\"name\":\"Productos\",\"item\":\"https:\\\/\\\/egbe.wnpower.host\\\/santeria\\\/shop\\\/\"},{\"@type\":\"ListItem\",\"position\":3,\"name\":\"Polvo de Trabajo\"}]},{\"@type\":\"WebSite\",\"@id\":\"https:\\\/\\\/egbe.wnpower.host\\\/santeria\\\/#website\",\"url\":\"https:\\\/\\\/egbe.wnpower.host\\\/santeria\\\/\",\"name\":\"Santer\u00eda Egb\u00e9\",\"description\":\"Art\u00edculos religiosos para orix\u00e1, umbanda, kimbanda, candombl\u00e9, if\u00e1, santer\u00eda\",\"publisher\":{\"@id\":\"https:\\\/\\\/egbe.wnpower.host\\\/santeria\\\/#\\\/schema\\\/person\\\/4e7903f75c064d092d2b02f7a4250583\"},\"potentialAction\":[{\"@type\":\"SearchAction\",\"target\":{\"@type\":\"EntryPoint\",\"urlTemplate\":\"https:\\\/\\\/egbe.wnpower.host\\\/santeria\\\/?s={search_term_string}\"},\"query-input\":{\"@type\":\"PropertyValueSpecification\",\"valueRequired\":true,\"valueName\":\"search_term_string\"}}],\"inLanguage\":\"es\"},{\"@type\":[\"Person\",\"Organization\"],\"@id\":\"https:\\\/\\\/egbe.wnpower.host\\\/santeria\\\/#\\\/schema\\\/person\\\/4e7903f75c064d092d2b02f7a4250583\",\"name\":\"B\u00e0b\u00e1 Osvaldo Omotob\u00e0t\u00e1l\u00e1\",\"image\":{\"@type\":\"ImageObject\",\"inLanguage\":\"es\",\"@id\":\"https:\\\/\\\/egbe.wnpower.host\\\/santeria\\\/wp-content\\\/uploads\\\/2024\\\/10\\\/logo.jpg\",\"url\":\"https:\\\/\\\/egbe.wnpower.host\\\/santeria\\\/wp-content\\\/uploads\\\/2024\\\/10\\\/logo.jpg\",\"contentUrl\":\"https:\\\/\\\/egbe.wnpower.host\\\/santeria\\\/wp-content\\\/uploads\\\/2024\\\/10\\\/logo.jpg\",\"width\":518,\"height\":404,\"caption\":\"B\u00e0b\u00e1 Osvaldo Omotob\u00e0t\u00e1l\u00e1\"},\"logo\":{\"@id\":\"https:\\\/\\\/egbe.wnpower.host\\\/santeria\\\/wp-content\\\/uploads\\\/2024\\\/10\\\/logo.jpg\"},\"sameAs\":[\"https:\\\/\\\/www.facebook.com\\\/profile.php?id=61567814461428\"]}]}<\/script>\n<!-- \/ Yoast SEO plugin. -->","yoast_head_json":{"title":"Polvo de Trabajo - Santer\u00eda Egb\u00e9","robots":{"index":"index","follow":"follow","max-snippet":"max-snippet:-1","max-image-preview":"max-image-preview:large","max-video-preview":"max-video-preview:-1"},"canonical":"https:\/\/egbe.wnpower.host\/santeria\/producto\/polvo-de-trabajo\/","og_locale":"es_ES","og_type":"article","og_title":"Polvo de Trabajo - Santer\u00eda Egb\u00e9","og_description":"Polvos de trabajo para distintas finalidades. Vea en la descripci\u00f3n de abajo como usarlo.","og_url":"https:\/\/egbe.wnpower.host\/santeria\/producto\/polvo-de-trabajo\/","og_site_name":"Santer\u00eda Egb\u00e9","article_publisher":"https:\/\/www.facebook.com\/profile.php?id=61567814461428","article_modified_time":"2026-02-12T15:37:28+00:00","og_image":[{"width":247,"height":296,"url":"https:\/\/egbe.wnpower.host\/santeria\/wp-content\/uploads\/2024\/11\/Polvo-de-trabajo.webp","type":"image\/webp"}],"twitter_card":"summary_large_image","twitter_misc":{"Tiempo de lectura":"1 minuto"},"schema":{"@context":"https:\/\/schema.org","@graph":[{"@type":"WebPage","@id":"https:\/\/egbe.wnpower.host\/santeria\/producto\/polvo-de-trabajo\/","url":"https:\/\/egbe.wnpower.host\/santeria\/producto\/polvo-de-trabajo\/","name":"Polvo de Trabajo - Santer\u00eda Egb\u00e9","isPartOf":{"@id":"https:\/\/egbe.wnpower.host\/santeria\/#website"},"primaryImageOfPage":{"@id":"https:\/\/egbe.wnpower.host\/santeria\/producto\/polvo-de-trabajo\/#primaryimage"},"image":{"@id":"https:\/\/egbe.wnpower.host\/santeria\/producto\/polvo-de-trabajo\/#primaryimage"},"thumbnailUrl":"https:\/\/egbe.wnpower.host\/santeria\/wp-content\/uploads\/2024\/11\/Polvo-de-trabajo.webp","datePublished":"2024-11-15T17:12:47+00:00","dateModified":"2026-02-12T15:37:28+00:00","breadcrumb":{"@id":"https:\/\/egbe.wnpower.host\/santeria\/producto\/polvo-de-trabajo\/#breadcrumb"},"inLanguage":"es","potentialAction":[{"@type":"ReadAction","target":["https:\/\/egbe.wnpower.host\/santeria\/producto\/polvo-de-trabajo\/"]}]},{"@type":"ImageObject","inLanguage":"es","@id":"https:\/\/egbe.wnpower.host\/santeria\/producto\/polvo-de-trabajo\/#primaryimage","url":"https:\/\/egbe.wnpower.host\/santeria\/wp-content\/uploads\/2024\/11\/Polvo-de-trabajo.webp","contentUrl":"https:\/\/egbe.wnpower.host\/santeria\/wp-content\/uploads\/2024\/11\/Polvo-de-trabajo.webp","width":247,"height":296},{"@type":"BreadcrumbList","@id":"https:\/\/egbe.wnpower.host\/santeria\/producto\/polvo-de-trabajo\/#breadcrumb","itemListElement":[{"@type":"ListItem","position":1,"name":"Portada","item":"https:\/\/egbe.wnpower.host\/santeria\/"},{"@type":"ListItem","position":2,"name":"Productos","item":"https:\/\/egbe.wnpower.host\/santeria\/shop\/"},{"@type":"ListItem","position":3,"name":"Polvo de Trabajo"}]},{"@type":"WebSite","@id":"https:\/\/egbe.wnpower.host\/santeria\/#website","url":"https:\/\/egbe.wnpower.host\/santeria\/","name":"Santer\u00eda Egb\u00e9","description":"Art\u00edculos religiosos para orix\u00e1, umbanda, kimbanda, candombl\u00e9, if\u00e1, santer\u00eda","publisher":{"@id":"https:\/\/egbe.wnpower.host\/santeria\/#\/schema\/person\/4e7903f75c064d092d2b02f7a4250583"},"potentialAction":[{"@type":"SearchAction","target":{"@type":"EntryPoint","urlTemplate":"https:\/\/egbe.wnpower.host\/santeria\/?s={search_term_string}"},"query-input":{"@type":"PropertyValueSpecification","valueRequired":true,"valueName":"search_term_string"}}],"inLanguage":"es"},{"@type":["Person","Organization"],"@id":"https:\/\/egbe.wnpower.host\/santeria\/#\/schema\/person\/4e7903f75c064d092d2b02f7a4250583","name":"B\u00e0b\u00e1 Osvaldo Omotob\u00e0t\u00e1l\u00e1","image":{"@type":"ImageObject","inLanguage":"es","@id":"https:\/\/egbe.wnpower.host\/santeria\/wp-content\/uploads\/2024\/10\/logo.jpg","url":"https:\/\/egbe.wnpower.host\/santeria\/wp-content\/uploads\/2024\/10\/logo.jpg","contentUrl":"https:\/\/egbe.wnpower.host\/santeria\/wp-content\/uploads\/2024\/10\/logo.jpg","width":518,"height":404,"caption":"B\u00e0b\u00e1 Osvaldo Omotob\u00e0t\u00e1l\u00e1"},"logo":{"@id":"https:\/\/egbe.wnpower.host\/santeria\/wp-content\/uploads\/2024\/10\/logo.jpg"},"sameAs":["https:\/\/www.facebook.com\/profile.php?id=61567814461428"]}]}},"uagb_featured_image_src":{"full":["https:\/\/egbe.wnpower.host\/santeria\/wp-content\/uploads\/2024\/11\/Polvo-de-trabajo.webp",247,296,false],"thumbnail":["https:\/\/egbe.wnpower.host\/santeria\/wp-content\/uploads\/2024\/11\/Polvo-de-trabajo-150x150.webp",150,150,true],"medium":["https:\/\/egbe.wnpower.host\/santeria\/wp-content\/uploads\/2024\/11\/Polvo-de-trabajo.webp",247,296,false],"medium_large":["https:\/\/egbe.wnpower.host\/santeria\/wp-content\/uploads\/2024\/11\/Polvo-de-trabajo.webp",247,296,false],"large":["https:\/\/egbe.wnpower.host\/santeria\/wp-content\/uploads\/2024\/11\/Polvo-de-trabajo.webp",247,296,false],"1536x1536":["https:\/\/egbe.wnpower.host\/santeria\/wp-content\/uploads\/2024\/11\/Polvo-de-trabajo.webp",247,296,false],"2048x2048":["https:\/\/egbe.wnpower.host\/santeria\/wp-content\/uploads\/2024\/11\/Polvo-de-trabajo.webp",247,296,false],"woocommerce_thumbnail":["https:\/\/egbe.wnpower.host\/santeria\/wp-content\/uploads\/2024\/11\/Polvo-de-trabajo-231x277.webp",231,277,true],"woocommerce_single":["https:\/\/egbe.wnpower.host\/santeria\/wp-content\/uploads\/2024\/11\/Polvo-de-trabajo.webp",247,296,false],"woocommerce_gallery_thumbnail":["https:\/\/egbe.wnpower.host\/santeria\/wp-content\/uploads\/2024\/11\/Polvo-de-trabajo-100x100.webp",100,100,true]},"uagb_author_info":{"display_name":"director","author_link":"https:\/\/egbe.wnpower.host\/santeria\/author\/"},"uagb_comment_info":0,"uagb_excerpt":"Polvos de trabajo para distintas finalidades. Vea en la descripci\u00f3n de abajo como usarlo.","_links":{"self":[{"href":"https:\/\/egbe.wnpower.host\/santeria\/wp-json\/wp\/v2\/product\/28828","targetHints":{"allow":["GET"]}}],"collection":[{"href":"https:\/\/egbe.wnpower.host\/santeria\/wp-json\/wp\/v2\/product"}],"about":[{"href":"https:\/\/egbe.wnpower.host\/santeria\/wp-json\/wp\/v2\/types\/product"}],"replies":[{"embeddable":true,"href":"https:\/\/egbe.wnpower.host\/santeria\/wp-json\/wp\/v2\/comments?post=28828"}],"version-history":[{"count":1,"href":"https:\/\/egbe.wnpower.host\/santeria\/wp-json\/wp\/v2\/product\/28828\/revisions"}],"predecessor-version":[{"id":31093,"href":"https:\/\/egbe.wnpower.host\/santeria\/wp-json\/wp\/v2\/product\/28828\/revisions\/31093"}],"wp:featuredmedia":[{"embeddable":true,"href":"https:\/\/egbe.wnpower.host\/santeria\/wp-json\/wp\/v2\/media\/28829"}],"wp:attachment":[{"href":"https:\/\/egbe.wnpower.host\/santeria\/wp-json\/wp\/v2\/media?parent=28828"}],"wp:term":[{"taxonomy":"product_brand","embeddable":true,"href":"https:\/\/egbe.wnpower.host\/santeria\/wp-json\/wp\/v2\/product_brand?post=28828"},{"taxonomy":"product_cat","embeddable":true,"href":"https:\/\/egbe.wnpower.host\/santeria\/wp-json\/wp\/v2\/product_cat?post=28828"},{"taxonomy":"product_tag","embeddable":true,"href":"https:\/\/egbe.wnpower.host\/santeria\/wp-json\/wp\/v2\/product_tag?post=28828"}],"curies":[{"name":"wp","href":"https:\/\/api.w.org\/{rel}","templated":true}]}}