{"id":30322,"date":"2024-12-07T19:24:26","date_gmt":"2024-12-07T22:24:26","guid":{"rendered":"https:\/\/egbe.wnpower.host\/santeria\/?post_type=product&#038;p=30322"},"modified":"2025-01-09T15:33:28","modified_gmt":"2025-01-09T18:33:28","slug":"tarot-rider-waite","status":"publish","type":"product","link":"https:\/\/egbe.wnpower.host\/santeria\/producto\/tarot-rider-waite\/","title":{"rendered":"Tarot Rider Waite"},"content":{"rendered":"<p>La baraja de tarot Rider Waite consta de 78 cartas:\u00a022 Arcanos Mayores y 56 Arcanos Menores. Este tarot tiene los mismos Arcanos Mayores, que los dem\u00e1s tipos de tarot y los mismos Arcanos Menores, pero los dibujos son diferentes y encierra mucha simbolog\u00eda, que hace muy f\u00e1cil su interpretaci\u00f3n.<\/p>\n<p>&nbsp;<\/p>\n<p>&nbsp;<\/p>\n","protected":false},"excerpt":{"rendered":"<p>El tarot cl\u00e1sico de Rider Waite Smith (1909) es la baraja ic\u00f3nica usada para una interpretaci\u00f3n m\u00e1s sencilla bas\u00e1ndose en los simbolismos de sus dibujos. Con exquisitas im\u00e1genes y una gu\u00eda espiritualmente elevada sobre su significado, la colaboraci\u00f3n entre Arthur Edward Waite y Pamela Colman Smith abri\u00f3 un mundo de simbolismo que ha ayudado a los tarotistas a adivinar verdades ocultas sobre ellos mismos y sobre los dem\u00e1s desde hace m\u00e1s de un siglo.<\/p>\n","protected":false},"featured_media":30325,"comment_status":"closed","ping_status":"closed","template":"","meta":{"_eb_attr":"","_uag_custom_page_level_css":""},"product_brand":[],"product_cat":[35],"product_tag":[],"class_list":{"0":"post-30322","1":"product","2":"type-product","3":"status-publish","4":"has-post-thumbnail","6":"product_cat-sin-categoria","8":"first","9":"instock","10":"sale","11":"shipping-taxable","12":"purchasable","13":"product-type-simple"},"yoast_head":"<!-- This site is optimized with the Yoast SEO plugin v27.3 - https:\/\/yoast.com\/product\/yoast-seo-wordpress\/ -->\n<title>Tarot Rider Waite - Santer\u00eda Egb\u00e9<\/title>\n<meta name=\"description\" content=\"El tarot Rider Waite consta de 78 cartas, pero los dibujos son diferentes y encierra mucha simbolog\u00eda, lo que hace muy f\u00e1cil su interpretaci\u00f3n.\u00a0\" \/>\n<meta name=\"robots\" content=\"index, follow, max-snippet:-1, max-image-preview:large, max-video-preview:-1\" \/>\n<link rel=\"canonical\" href=\"https:\/\/egbe.wnpower.host\/santeria\/producto\/tarot-rider-waite\/\" \/>\n<meta property=\"og:locale\" content=\"es_ES\" \/>\n<meta property=\"og:type\" content=\"article\" \/>\n<meta property=\"og:title\" content=\"Tarot Rider Waite - Santer\u00eda Egb\u00e9\" \/>\n<meta property=\"og:description\" content=\"El tarot Rider Waite consta de 78 cartas, pero los dibujos son diferentes y encierra mucha simbolog\u00eda, lo que hace muy f\u00e1cil su interpretaci\u00f3n.\u00a0\" \/>\n<meta property=\"og:url\" content=\"https:\/\/egbe.wnpower.host\/santeria\/producto\/tarot-rider-waite\/\" \/>\n<meta property=\"og:site_name\" content=\"Santer\u00eda Egb\u00e9\" \/>\n<meta property=\"article:publisher\" content=\"https:\/\/www.facebook.com\/profile.php?id=61567814461428\" \/>\n<meta property=\"article:modified_time\" content=\"2025-01-09T18:33:28+00:00\" \/>\n<meta property=\"og:image\" content=\"https:\/\/egbe.wnpower.host\/santeria\/wp-content\/uploads\/2024\/12\/Rider-Waite-Tarot.png\" \/>\n\t<meta property=\"og:image:width\" content=\"678\" \/>\n\t<meta property=\"og:image:height\" content=\"678\" \/>\n\t<meta property=\"og:image:type\" content=\"image\/png\" \/>\n<meta name=\"twitter:card\" content=\"summary_large_image\" \/>\n<meta name=\"twitter:label1\" content=\"Tiempo de lectura\" \/>\n\t<meta name=\"twitter:data1\" content=\"1 minuto\" \/>\n<script type=\"application\/ld+json\" class=\"yoast-schema-graph\">{\"@context\":\"https:\\\/\\\/schema.org\",\"@graph\":[{\"@type\":\"WebPage\",\"@id\":\"https:\\\/\\\/egbe.wnpower.host\\\/santeria\\\/producto\\\/tarot-rider-waite\\\/\",\"url\":\"https:\\\/\\\/egbe.wnpower.host\\\/santeria\\\/producto\\\/tarot-rider-waite\\\/\",\"name\":\"Tarot Rider Waite - Santer\u00eda Egb\u00e9\",\"isPartOf\":{\"@id\":\"https:\\\/\\\/egbe.wnpower.host\\\/santeria\\\/#website\"},\"primaryImageOfPage\":{\"@id\":\"https:\\\/\\\/egbe.wnpower.host\\\/santeria\\\/producto\\\/tarot-rider-waite\\\/#primaryimage\"},\"image\":{\"@id\":\"https:\\\/\\\/egbe.wnpower.host\\\/santeria\\\/producto\\\/tarot-rider-waite\\\/#primaryimage\"},\"thumbnailUrl\":\"https:\\\/\\\/egbe.wnpower.host\\\/santeria\\\/wp-content\\\/uploads\\\/2024\\\/12\\\/Rider-Waite-Tarot.png\",\"datePublished\":\"2024-12-07T22:24:26+00:00\",\"dateModified\":\"2025-01-09T18:33:28+00:00\",\"description\":\"El tarot Rider Waite consta de 78 cartas, pero los dibujos son diferentes y encierra mucha simbolog\u00eda, lo que hace muy f\u00e1cil su interpretaci\u00f3n.\u00a0\",\"breadcrumb\":{\"@id\":\"https:\\\/\\\/egbe.wnpower.host\\\/santeria\\\/producto\\\/tarot-rider-waite\\\/#breadcrumb\"},\"inLanguage\":\"es\",\"potentialAction\":[{\"@type\":\"ReadAction\",\"target\":[\"https:\\\/\\\/egbe.wnpower.host\\\/santeria\\\/producto\\\/tarot-rider-waite\\\/\"]}]},{\"@type\":\"ImageObject\",\"inLanguage\":\"es\",\"@id\":\"https:\\\/\\\/egbe.wnpower.host\\\/santeria\\\/producto\\\/tarot-rider-waite\\\/#primaryimage\",\"url\":\"https:\\\/\\\/egbe.wnpower.host\\\/santeria\\\/wp-content\\\/uploads\\\/2024\\\/12\\\/Rider-Waite-Tarot.png\",\"contentUrl\":\"https:\\\/\\\/egbe.wnpower.host\\\/santeria\\\/wp-content\\\/uploads\\\/2024\\\/12\\\/Rider-Waite-Tarot.png\",\"width\":678,\"height\":678,\"caption\":\"Tarot Rider Waite\"},{\"@type\":\"BreadcrumbList\",\"@id\":\"https:\\\/\\\/egbe.wnpower.host\\\/santeria\\\/producto\\\/tarot-rider-waite\\\/#breadcrumb\",\"itemListElement\":[{\"@type\":\"ListItem\",\"position\":1,\"name\":\"Portada\",\"item\":\"https:\\\/\\\/egbe.wnpower.host\\\/santeria\\\/\"},{\"@type\":\"ListItem\",\"position\":2,\"name\":\"Productos\",\"item\":\"https:\\\/\\\/egbe.wnpower.host\\\/santeria\\\/shop\\\/\"},{\"@type\":\"ListItem\",\"position\":3,\"name\":\"Tarot Rider Waite\"}]},{\"@type\":\"WebSite\",\"@id\":\"https:\\\/\\\/egbe.wnpower.host\\\/santeria\\\/#website\",\"url\":\"https:\\\/\\\/egbe.wnpower.host\\\/santeria\\\/\",\"name\":\"Santer\u00eda Egb\u00e9\",\"description\":\"Art\u00edculos religiosos para orix\u00e1, umbanda, kimbanda, candombl\u00e9, if\u00e1, santer\u00eda\",\"publisher\":{\"@id\":\"https:\\\/\\\/egbe.wnpower.host\\\/santeria\\\/#\\\/schema\\\/person\\\/4e7903f75c064d092d2b02f7a4250583\"},\"potentialAction\":[{\"@type\":\"SearchAction\",\"target\":{\"@type\":\"EntryPoint\",\"urlTemplate\":\"https:\\\/\\\/egbe.wnpower.host\\\/santeria\\\/?s={search_term_string}\"},\"query-input\":{\"@type\":\"PropertyValueSpecification\",\"valueRequired\":true,\"valueName\":\"search_term_string\"}}],\"inLanguage\":\"es\"},{\"@type\":[\"Person\",\"Organization\"],\"@id\":\"https:\\\/\\\/egbe.wnpower.host\\\/santeria\\\/#\\\/schema\\\/person\\\/4e7903f75c064d092d2b02f7a4250583\",\"name\":\"B\u00e0b\u00e1 Osvaldo Omotob\u00e0t\u00e1l\u00e1\",\"image\":{\"@type\":\"ImageObject\",\"inLanguage\":\"es\",\"@id\":\"https:\\\/\\\/egbe.wnpower.host\\\/santeria\\\/wp-content\\\/uploads\\\/2024\\\/10\\\/logo.jpg\",\"url\":\"https:\\\/\\\/egbe.wnpower.host\\\/santeria\\\/wp-content\\\/uploads\\\/2024\\\/10\\\/logo.jpg\",\"contentUrl\":\"https:\\\/\\\/egbe.wnpower.host\\\/santeria\\\/wp-content\\\/uploads\\\/2024\\\/10\\\/logo.jpg\",\"width\":518,\"height\":404,\"caption\":\"B\u00e0b\u00e1 Osvaldo Omotob\u00e0t\u00e1l\u00e1\"},\"logo\":{\"@id\":\"https:\\\/\\\/egbe.wnpower.host\\\/santeria\\\/wp-content\\\/uploads\\\/2024\\\/10\\\/logo.jpg\"},\"sameAs\":[\"https:\\\/\\\/www.facebook.com\\\/profile.php?id=61567814461428\"]}]}<\/script>\n<!-- \/ Yoast SEO plugin. -->","yoast_head_json":{"title":"Tarot Rider Waite - Santer\u00eda Egb\u00e9","description":"El tarot Rider Waite consta de 78 cartas, pero los dibujos son diferentes y encierra mucha simbolog\u00eda, lo que hace muy f\u00e1cil su interpretaci\u00f3n.\u00a0","robots":{"index":"index","follow":"follow","max-snippet":"max-snippet:-1","max-image-preview":"max-image-preview:large","max-video-preview":"max-video-preview:-1"},"canonical":"https:\/\/egbe.wnpower.host\/santeria\/producto\/tarot-rider-waite\/","og_locale":"es_ES","og_type":"article","og_title":"Tarot Rider Waite - Santer\u00eda Egb\u00e9","og_description":"El tarot Rider Waite consta de 78 cartas, pero los dibujos son diferentes y encierra mucha simbolog\u00eda, lo que hace muy f\u00e1cil su interpretaci\u00f3n.\u00a0","og_url":"https:\/\/egbe.wnpower.host\/santeria\/producto\/tarot-rider-waite\/","og_site_name":"Santer\u00eda Egb\u00e9","article_publisher":"https:\/\/www.facebook.com\/profile.php?id=61567814461428","article_modified_time":"2025-01-09T18:33:28+00:00","og_image":[{"width":678,"height":678,"url":"https:\/\/egbe.wnpower.host\/santeria\/wp-content\/uploads\/2024\/12\/Rider-Waite-Tarot.png","type":"image\/png"}],"twitter_card":"summary_large_image","twitter_misc":{"Tiempo de lectura":"1 minuto"},"schema":{"@context":"https:\/\/schema.org","@graph":[{"@type":"WebPage","@id":"https:\/\/egbe.wnpower.host\/santeria\/producto\/tarot-rider-waite\/","url":"https:\/\/egbe.wnpower.host\/santeria\/producto\/tarot-rider-waite\/","name":"Tarot Rider Waite - Santer\u00eda Egb\u00e9","isPartOf":{"@id":"https:\/\/egbe.wnpower.host\/santeria\/#website"},"primaryImageOfPage":{"@id":"https:\/\/egbe.wnpower.host\/santeria\/producto\/tarot-rider-waite\/#primaryimage"},"image":{"@id":"https:\/\/egbe.wnpower.host\/santeria\/producto\/tarot-rider-waite\/#primaryimage"},"thumbnailUrl":"https:\/\/egbe.wnpower.host\/santeria\/wp-content\/uploads\/2024\/12\/Rider-Waite-Tarot.png","datePublished":"2024-12-07T22:24:26+00:00","dateModified":"2025-01-09T18:33:28+00:00","description":"El tarot Rider Waite consta de 78 cartas, pero los dibujos son diferentes y encierra mucha simbolog\u00eda, lo que hace muy f\u00e1cil su interpretaci\u00f3n.\u00a0","breadcrumb":{"@id":"https:\/\/egbe.wnpower.host\/santeria\/producto\/tarot-rider-waite\/#breadcrumb"},"inLanguage":"es","potentialAction":[{"@type":"ReadAction","target":["https:\/\/egbe.wnpower.host\/santeria\/producto\/tarot-rider-waite\/"]}]},{"@type":"ImageObject","inLanguage":"es","@id":"https:\/\/egbe.wnpower.host\/santeria\/producto\/tarot-rider-waite\/#primaryimage","url":"https:\/\/egbe.wnpower.host\/santeria\/wp-content\/uploads\/2024\/12\/Rider-Waite-Tarot.png","contentUrl":"https:\/\/egbe.wnpower.host\/santeria\/wp-content\/uploads\/2024\/12\/Rider-Waite-Tarot.png","width":678,"height":678,"caption":"Tarot Rider Waite"},{"@type":"BreadcrumbList","@id":"https:\/\/egbe.wnpower.host\/santeria\/producto\/tarot-rider-waite\/#breadcrumb","itemListElement":[{"@type":"ListItem","position":1,"name":"Portada","item":"https:\/\/egbe.wnpower.host\/santeria\/"},{"@type":"ListItem","position":2,"name":"Productos","item":"https:\/\/egbe.wnpower.host\/santeria\/shop\/"},{"@type":"ListItem","position":3,"name":"Tarot Rider Waite"}]},{"@type":"WebSite","@id":"https:\/\/egbe.wnpower.host\/santeria\/#website","url":"https:\/\/egbe.wnpower.host\/santeria\/","name":"Santer\u00eda Egb\u00e9","description":"Art\u00edculos religiosos para orix\u00e1, umbanda, kimbanda, candombl\u00e9, if\u00e1, santer\u00eda","publisher":{"@id":"https:\/\/egbe.wnpower.host\/santeria\/#\/schema\/person\/4e7903f75c064d092d2b02f7a4250583"},"potentialAction":[{"@type":"SearchAction","target":{"@type":"EntryPoint","urlTemplate":"https:\/\/egbe.wnpower.host\/santeria\/?s={search_term_string}"},"query-input":{"@type":"PropertyValueSpecification","valueRequired":true,"valueName":"search_term_string"}}],"inLanguage":"es"},{"@type":["Person","Organization"],"@id":"https:\/\/egbe.wnpower.host\/santeria\/#\/schema\/person\/4e7903f75c064d092d2b02f7a4250583","name":"B\u00e0b\u00e1 Osvaldo Omotob\u00e0t\u00e1l\u00e1","image":{"@type":"ImageObject","inLanguage":"es","@id":"https:\/\/egbe.wnpower.host\/santeria\/wp-content\/uploads\/2024\/10\/logo.jpg","url":"https:\/\/egbe.wnpower.host\/santeria\/wp-content\/uploads\/2024\/10\/logo.jpg","contentUrl":"https:\/\/egbe.wnpower.host\/santeria\/wp-content\/uploads\/2024\/10\/logo.jpg","width":518,"height":404,"caption":"B\u00e0b\u00e1 Osvaldo Omotob\u00e0t\u00e1l\u00e1"},"logo":{"@id":"https:\/\/egbe.wnpower.host\/santeria\/wp-content\/uploads\/2024\/10\/logo.jpg"},"sameAs":["https:\/\/www.facebook.com\/profile.php?id=61567814461428"]}]}},"uagb_featured_image_src":{"full":["https:\/\/egbe.wnpower.host\/santeria\/wp-content\/uploads\/2024\/12\/Rider-Waite-Tarot.png",678,678,false],"thumbnail":["https:\/\/egbe.wnpower.host\/santeria\/wp-content\/uploads\/2024\/12\/Rider-Waite-Tarot-150x150.png",150,150,true],"medium":["https:\/\/egbe.wnpower.host\/santeria\/wp-content\/uploads\/2024\/12\/Rider-Waite-Tarot-300x300.png",300,300,true],"medium_large":["https:\/\/egbe.wnpower.host\/santeria\/wp-content\/uploads\/2024\/12\/Rider-Waite-Tarot.png",678,678,false],"large":["https:\/\/egbe.wnpower.host\/santeria\/wp-content\/uploads\/2024\/12\/Rider-Waite-Tarot.png",678,678,false],"1536x1536":["https:\/\/egbe.wnpower.host\/santeria\/wp-content\/uploads\/2024\/12\/Rider-Waite-Tarot.png",678,678,false],"2048x2048":["https:\/\/egbe.wnpower.host\/santeria\/wp-content\/uploads\/2024\/12\/Rider-Waite-Tarot.png",678,678,false],"woocommerce_thumbnail":["https:\/\/egbe.wnpower.host\/santeria\/wp-content\/uploads\/2024\/12\/Rider-Waite-Tarot-231x231.png",231,231,true],"woocommerce_single":["https:\/\/egbe.wnpower.host\/santeria\/wp-content\/uploads\/2024\/12\/Rider-Waite-Tarot-438x438.png",438,438,true],"woocommerce_gallery_thumbnail":["https:\/\/egbe.wnpower.host\/santeria\/wp-content\/uploads\/2024\/12\/Rider-Waite-Tarot-100x100.png",100,100,true]},"uagb_author_info":{"display_name":"director","author_link":"https:\/\/egbe.wnpower.host\/santeria\/author\/"},"uagb_comment_info":0,"uagb_excerpt":"El tarot cl\u00e1sico de Rider Waite Smith (1909) es la baraja ic\u00f3nica usada para una interpretaci\u00f3n m\u00e1s sencilla bas\u00e1ndose en los simbolismos de sus dibujos. Con exquisitas im\u00e1genes y una gu\u00eda espiritualmente elevada sobre su significado, la colaboraci\u00f3n entre Arthur Edward Waite y Pamela Colman Smith abri\u00f3 un mundo de simbolismo que ha ayudado a&hellip;","_links":{"self":[{"href":"https:\/\/egbe.wnpower.host\/santeria\/wp-json\/wp\/v2\/product\/30322","targetHints":{"allow":["GET"]}}],"collection":[{"href":"https:\/\/egbe.wnpower.host\/santeria\/wp-json\/wp\/v2\/product"}],"about":[{"href":"https:\/\/egbe.wnpower.host\/santeria\/wp-json\/wp\/v2\/types\/product"}],"replies":[{"embeddable":true,"href":"https:\/\/egbe.wnpower.host\/santeria\/wp-json\/wp\/v2\/comments?post=30322"}],"version-history":[{"count":2,"href":"https:\/\/egbe.wnpower.host\/santeria\/wp-json\/wp\/v2\/product\/30322\/revisions"}],"predecessor-version":[{"id":30327,"href":"https:\/\/egbe.wnpower.host\/santeria\/wp-json\/wp\/v2\/product\/30322\/revisions\/30327"}],"wp:featuredmedia":[{"embeddable":true,"href":"https:\/\/egbe.wnpower.host\/santeria\/wp-json\/wp\/v2\/media\/30325"}],"wp:attachment":[{"href":"https:\/\/egbe.wnpower.host\/santeria\/wp-json\/wp\/v2\/media?parent=30322"}],"wp:term":[{"taxonomy":"product_brand","embeddable":true,"href":"https:\/\/egbe.wnpower.host\/santeria\/wp-json\/wp\/v2\/product_brand?post=30322"},{"taxonomy":"product_cat","embeddable":true,"href":"https:\/\/egbe.wnpower.host\/santeria\/wp-json\/wp\/v2\/product_cat?post=30322"},{"taxonomy":"product_tag","embeddable":true,"href":"https:\/\/egbe.wnpower.host\/santeria\/wp-json\/wp\/v2\/product_tag?post=30322"}],"curies":[{"name":"wp","href":"https:\/\/api.w.org\/{rel}","templated":true}]}}